{"id":751,"date":"2022-01-27T00:47:44","date_gmt":"2022-01-26T21:47:44","guid":{"rendered":"http:\/\/marmarisrigging.com\/?page_id=751"},"modified":"2022-01-27T00:48:11","modified_gmt":"2022-01-26T21:48:11","slug":"about","status":"publish","type":"page","link":"http:\/\/marmarisrigging.com\/index.php\/about\/","title":{"rendered":"About"},"content":{"rendered":"\t\t<div data-elementor-type=\"wp-post\" data-elementor-id=\"751\" class=\"elementor elementor-751\">\n\t\t\t\t\t\t<div class=\"elementor-inner\">\n\t\t\t\t<div class=\"elementor-section-wrap\">\n\t\t\t\t\t\t\t\t\t<section class=\"elementor-section elementor-top-section elementor-element elementor-element-df0bbe0 elementor-section-boxed elementor-section-height-default elementor-section-height-default\" data-id=\"df0bbe0\" data-element_type=\"section\">\n\t\t\t\t\t\t<div class=\"elementor-container elementor-column-gap-default\">\n\t\t\t\t\t\t\t<div class=\"elementor-row\">\n\t\t\t\t\t<div class=\"elementor-column elementor-col-100 elementor-top-column elementor-element elementor-element-f700326\" data-id=\"f700326\" data-element_type=\"column\">\n\t\t\t<div class=\"elementor-column-wrap elementor-element-populated\">\n\t\t\t\t\t\t\t<div class=\"elementor-widget-wrap\">\n\t\t\t\t\t\t<div class=\"elementor-element elementor-element-4fb7bd9 elementor-widget elementor-widget-heading\" data-id=\"4fb7bd9\" data-element_type=\"widget\" data-widget_type=\"heading.default\">\n\t\t\t\t<div class=\"elementor-widget-container\">\n\t\t\t<h2 class=\"elementor-heading-title elementor-size-default\">Marmaris Rigging<\/h2>\t\t<\/div>\n\t\t\t\t<\/div>\n\t\t\t\t\t\t<\/div>\n\t\t\t\t\t<\/div>\n\t\t<\/div>\n\t\t\t\t\t\t\t\t<\/div>\n\t\t\t\t\t<\/div>\n\t\t<\/section>\n\t\t\t\t<section class=\"elementor-section elementor-top-section elementor-element elementor-element-9f7d012 elementor-section-boxed elementor-section-height-default elementor-section-height-default\" data-id=\"9f7d012\" data-element_type=\"section\">\n\t\t\t\t\t\t<div class=\"elementor-container elementor-column-gap-default\">\n\t\t\t\t\t\t\t<div class=\"elementor-row\">\n\t\t\t\t\t<div class=\"elementor-column elementor-col-100 elementor-top-column elementor-element elementor-element-9bbe844\" data-id=\"9bbe844\" data-element_type=\"column\">\n\t\t\t<div class=\"elementor-column-wrap elementor-element-populated\">\n\t\t\t\t\t\t\t<div class=\"elementor-widget-wrap\">\n\t\t\t\t\t\t<div class=\"elementor-element elementor-element-8b0ca91 elementor-widget elementor-widget-text-editor\" data-id=\"8b0ca91\" data-element_type=\"widget\" data-widget_type=\"text-editor.default\">\n\t\t\t\t<div class=\"elementor-widget-container\">\n\t\t\t\t\t\t\t\t<div class=\"elementor-text-editor elementor-clearfix\">\n\t\t\t\t<p class=\"lead\">Marmaris Rigging was established in Marmaris in 2019.<\/p><p class=\"lead\">Co-owners Bahad\u0131r \u00c7ifitci and Fatih \u00c7atak have worked in different marine companies with a combined 30-year experience as yacht maintenance specialists.<\/p><p class=\"lead\">Marmaris Rigging specializes in repair and maintenance of the deck hardware, ; specifically both in standing and running rigging areas.<\/p><p class=\"lead\">Our company is strategically located in the South West corner of Turkey where Mediterrenean and Aegean Seas meet. As a result, we can serve both in the Marinas located on the Aegean and Mediterranean coasts.<\/p>\t\t\t\t\t<\/div>\n\t\t\t\t\t\t<\/div>\n\t\t\t\t<\/div>\n\t\t\t\t\t\t<\/div>\n\t\t\t\t\t<\/div>\n\t\t<\/div>\n\t\t\t\t\t\t\t\t<\/div>\n\t\t\t\t\t<\/div>\n\t\t<\/section>\n\t\t\t\t\t\t\t\t\t<\/div>\n\t\t\t<\/div>\n\t\t\t\t\t<\/div>\n\t\t","protected":false},"excerpt":{"rendered":"<p>Marmaris Rigging Marmaris Rigging was established in Marmaris in 2019. Co-owners Bahad\u0131r [&hellip;]<\/p>\n","protected":false},"author":1,"featured_media":0,"parent":0,"menu_order":0,"comment_status":"closed","ping_status":"closed","template":"elementor_theme","meta":{"footnotes":""},"class_list":["post-751","page","type-page","status-publish","hentry"],"_links":{"self":[{"href":"http:\/\/marmarisrigging.com\/index.php\/wp-json\/wp\/v2\/pages\/751","targetHints":{"allow":["GET"]}}],"collection":[{"href":"http:\/\/marmarisrigging.com\/index.php\/wp-json\/wp\/v2\/pages"}],"about":[{"href":"http:\/\/marmarisrigging.com\/index.php\/wp-json\/wp\/v2\/types\/page"}],"author":[{"embeddable":true,"href":"http:\/\/marmarisrigging.com\/index.php\/wp-json\/wp\/v2\/users\/1"}],"replies":[{"embeddable":true,"href":"http:\/\/marmarisrigging.com\/index.php\/wp-json\/wp\/v2\/comments?post=751"}],"version-history":[{"count":4,"href":"http:\/\/marmarisrigging.com\/index.php\/wp-json\/wp\/v2\/pages\/751\/revisions"}],"predecessor-version":[{"id":755,"href":"http:\/\/marmarisrigging.com\/index.php\/wp-json\/wp\/v2\/pages\/751\/revisions\/755"}],"wp:attachment":[{"href":"http:\/\/marmarisrigging.com\/index.php\/wp-json\/wp\/v2\/media?parent=751"}],"curies":[{"name":"wp","href":"https:\/\/api.w.org\/{rel}","templated":true}]}}